{"id":163,"date":"2024-07-16T10:51:24","date_gmt":"2024-07-16T10:51:24","guid":{"rendered":"https:\/\/holger-wachsmann.de\/?page_id=163"},"modified":"2025-10-23T09:03:23","modified_gmt":"2025-10-23T09:03:23","slug":"informationen","status":"publish","type":"page","link":"https:\/\/holger-wachsmann.de\/?page_id=163","title":{"rendered":"Informationen"},"content":{"rendered":"\t\t<div data-elementor-type=\"wp-page\" data-elementor-id=\"163\" class=\"elementor elementor-163\">\n\t\t\t\t<div class=\"elementor-element elementor-element-31bdef6c e-flex e-con-boxed e-con e-parent\" data-id=\"31bdef6c\" data-element_type=\"container\" data-e-type=\"container\">\n\t\t\t\t\t<div class=\"e-con-inner\">\n\t\t\t\t<div class=\"elementor-element elementor-element-404aa35e elementor-widget elementor-widget-text-editor\" data-id=\"404aa35e\" data-element_type=\"widget\" data-e-type=\"widget\" data-widget_type=\"text-editor.default\">\n\t\t\t\t<div class=\"elementor-widget-container\">\n\t\t\t\t\t\t\t\t\t<div class=\"wp-block-group\">\n<p><\/p>\n<p class=\"wp-elements-7e287824b6e97d2ba9d5020a8ec82205 wp-block-paragraph\"><\/p>\n<h4 class=\"wp-block-heading\"><strong>Meine Informationen f\u00fcr Sie zu pr\u00fcfpflichtigen Anlagen<\/strong><\/h4>\n<p><\/p>\n<\/div>\n<p><!-- \/wp:group --><!-- wp:preformatted {\"style\":{\"elements\":{\"link\":{\"color\":{\"text\":\"var:preset|color|base-2\"}}},\"typography\":{\"lineHeight\":\"1.3\",\"fontStyle\":\"normal\",\"fontWeight\":\"400\"}},\"textColor\":\"base-2\",\"fontSize\":\"small\",\"fontFamily\":\"system-sans-serif\"} --><\/p>\n<pre class=\"wp-block-preformatted has-base-2-color has-text-color has-link-color has-system-sans-serif-font-family has-small-font-size\" style=\"font-style: normal; font-weight: 400; line-height: 1.3;\">Alle oberirdischen Tankanlagen \u00fcber 10.000 Liter Fassungsverm\u00f6gen sind seit Inkrafttreten der L\u00e4nder Verordnungen <a href=\"https:\/\/holger-wachsmann.de\/wp-content\/uploads\/2024\/07\/2014.07-VAwS.pdf\">VAwS<\/a>, etwa Anfang der 90-er Jahre, durch Sachverst\u00e4ndige zu \u00fcberpr\u00fcfen. Mit Inkrafttreten der Bundesverordnung <a href=\"https:\/\/holger-wachsmann.de\/wp-content\/uploads\/2024\/07\/AwSV-2017.04.21.pdf\">AwSV<\/a> am 1. August 2017 m\u00fcssen <strong>auch bei Neuanlagen und nach wesentlichen \u00c4nderungen an bestehenden Anlagen oberirdische Tankanlagen ab 1.000 Liter durch einen Sachverst\u00e4ndigen gepr\u00fcft werden<\/strong>. Bei Tankanlagen in Wasserschutz- und \u00dcberschwemmungsgebieten besteht die Pr\u00fcfpflicht bereits f\u00fcr Anlagen mit einem Volumen ab 1.000 Liter Inhalt.<\/pre>\n<p><!-- \/wp:preformatted --><!-- wp:columns --><\/p>\n<div class=\"wp-block-columns\">\n<p><!-- wp:column {\"width\":\"100%\"} --><\/p>\n<div class=\"wp-block-column\" style=\"flex-basis: 100%;\">\n<p><!-- wp:table {\"align\":\"left\",\"className\":\"is-style-stripes\",\"style\":{\"elements\":{\"link\":{\"color\":{\"text\":\"var:preset|color|base-2\"}}},\"typography\":{\"lineHeight\":\"1.3\",\"fontStyle\":\"normal\",\"fontWeight\":\"400\"}},\"textColor\":\"base-2\",\"fontSize\":\"small\",\"fontFamily\":\"system-sans-serif\"} --><\/p>\n<figure class=\"wp-block-table alignleft is-style-stripes has-system-sans-serif-font-family has-small-font-size\" style=\"font-style: normal; font-weight: 400; line-height: 1.3;\">\n<table class=\"has-base-2-color has-text-color has-link-color has-fixed-layout\">\n<tbody>\n<tr>\n<td><strong>Unsere Leisung<\/strong><\/td>\n<td class=\"has-text-align-left\" data-align=\"left\"><strong>Ihr Vorteil<\/strong><\/td>\n<\/tr>\n<tr>\n<td>Durchf\u00fchrung aller gesetzlich erforderlichen Pr\u00fcfungen<\/td>\n<td class=\"has-text-align-left\" data-align=\"left\">Nachweis einer ordnungsgem\u00e4\u00dfen Tankanlage<\/td>\n<\/tr>\n<tr>\n<td>Pr\u00fcfbescheinigungen zur Vorlage bei Beh\u00f6rden und Versicherungen<\/td>\n<td class=\"has-text-align-left\" data-align=\"left\">Kosteng\u00fcnstige Leistung durch mich als bestellter Sachverst\u00e4ndiger<\/td>\n<\/tr>\n<tr>\n<td>\n<p>Neutrale Beratung f\u00fcr<\/p>\n<ul>\n<li>Neubau<\/li>\n<li>Reinigung<\/li>\n<li>Reparatur<\/li>\n<\/ul>\n<\/td>\n<td class=\"has-text-align-left\" data-align=\"left\">Kosteneinsparung durch kompetente Beratung eines unabh\u00e4ngigen Sachverst\u00e4ndigen bei Revision oder Sanierung<\/td>\n<\/tr>\n<tr>\n<td>Hilfestellung bei Fragen zur Tankanlage oder auch Beh\u00f6rdenangelegenheiten, wie z.B. Eignungsfeststellung gem\u00e4\u00df WHG \u00a7 63 oder gutachterliche Stellungnahme nach AwSV \u00a7 41<\/td>\n<td class=\"has-text-align-left\" data-align=\"left\">automatische Terminverl\u00e4ngerung<\/td>\n<\/tr>\n<tr>\n<td>kostenlose Auskunft \u00fcber Vorschriften, Tankreinigung, Leckschutzauskleidungen usw.<\/td>\n<td class=\"has-text-align-left\" data-align=\"left\">Ihr Beitrag zum Umweltschutz<\/td>\n<\/tr>\n<\/tbody>\n<\/table>\n<\/figure>\n<p><!-- \/wp:table --><\/p>\n<\/div>\n<p><!-- \/wp:column --><\/p>\n<\/div>\n<p><!-- \/wp:columns --><!-- wp:preformatted {\"style\":{\"elements\":{\"link\":{\"color\":{\"text\":\"var:preset|color|base-2\"}}},\"typography\":{\"lineHeight\":\"1.3\",\"fontStyle\":\"normal\",\"fontWeight\":\"400\"}},\"textColor\":\"base-2\",\"fontSize\":\"small\",\"fontFamily\":\"system-sans-serif\"} --><\/p>\n<pre class=\"wp-block-preformatted has-base-2-color has-text-color has-link-color has-system-sans-serif-font-family has-small-font-size\" style=\"font-style: normal; font-weight: 400; line-height: 1.3;\">F\u00fcr die wasserrechtlichen Pr\u00fcfungen gilt ab 1. August 2017 die neue Bundesverordnung <a href=\"https:\/\/holger-wachsmann.de\/wp-content\/uploads\/2024\/07\/AwSV-2017.04.21.pdf\">AwSV<\/a> als Ersatz f\u00fcr die Anlagenverordnungen der L\u00e4nder <a href=\"https:\/\/holger-wachsmann.de\/wp-content\/uploads\/2024\/07\/2014.07-VAwS.pdf\">VAwS<\/a> in Kraft.<\/pre>\n<p>\u00a0<\/p>\n<p>Alle Verordnungen k\u00f6nnen Sie durch Klicken auf die unterstrichene jeweilige Kurzbezeichnung einsehen.<\/p>\n<p>Die Leistungen unserer Sachverst\u00e4ndigenb\u00fcros sind vielf\u00e4ltig. Wir stehen Ihnen jederzeit zur Seite und f\u00fchren Ihre Auftr\u00e4ge sorgf\u00e4ltig, kompetent, z\u00fcgig und unter Einbeziehung des zu Grunde liegenden Regelwerkes durch. Wir pr\u00fcfen nat\u00fcrlich nicht nur Heiz\u00f6l- bzw. Dieselanlagen sondern auch Anlagen zum Umgang mit wassergef\u00e4hrdenden Stoffen, wie z.B.:<\/p>\n<p>\u2022 Biogasanlagen<br \/>\u2022 Erdw\u00e4rmesondenanlagen<br \/>\u2022 Galvanikanlagen<br \/>\u2022 Holzimpr\u00e4gnieranlagen<br \/>\u2022 Hydraulische Aufz\u00fcge<br \/>\u2022 K\u00e4lte- und W\u00e4rmepumpenanlagen<br \/>\u2022 K\u00e4lteverteilsysteme<br \/>\u2022 Lagerung von Laugen und S\u00e4uren<br \/>\u2022 Vorbehandlungsanlagen<br \/>\u2022 und vieles mehr<\/p>\n<p>dar\u00fcber hinaus:<\/p>\n<p>\u2022 Beweissicherung nach Schadensf\u00e4llen<br \/>\u2022 Gutachten nach Schadensf\u00e4llen<br \/>\u2022 Gutachterliche Stellungnahmen<br \/>\u2022 Schadensgutachten f\u00fcr Versicherungen<\/p>\n<p><!-- \/wp:preformatted --><\/p>\t\t\t\t\t\t\t\t<\/div>\n\t\t\t\t<\/div>\n\t\t\t\t\t<\/div>\n\t\t\t\t<\/div>\n\t\t\t\t<\/div>\n\t\t","protected":false},"excerpt":{"rendered":"<p>Meine Informationen f\u00fcr Sie zu pr\u00fcfpflichtigen Anlagen Alle oberirdischen Tankanlagen \u00fcber 10.000 Liter Fassungsverm\u00f6gen sind seit Inkrafttreten der L\u00e4nder Verordnungen VAwS, etwa Anfang der 90-er Jahre, durch Sachverst\u00e4ndige zu \u00fcberpr\u00fcfen. Mit Inkrafttreten der Bundesverordnung AwSV am 1. August 2017 m\u00fcssen auch bei Neuanlagen und nach wesentlichen \u00c4nderungen an bestehenden Anlagen oberirdische Tankanlagen ab 1.000 Liter [&hellip;]<\/p>\n","protected":false},"author":1,"featured_media":0,"parent":0,"menu_order":0,"comment_status":"closed","ping_status":"closed","template":"","meta":{"_crdt_document":"","footnotes":""},"class_list":["post-163","page","type-page","status-publish","hentry"],"_links":{"self":[{"href":"https:\/\/holger-wachsmann.de\/index.php?rest_route=\/wp\/v2\/pages\/163","targetHints":{"allow":["GET"]}}],"collection":[{"href":"https:\/\/holger-wachsmann.de\/index.php?rest_route=\/wp\/v2\/pages"}],"about":[{"href":"https:\/\/holger-wachsmann.de\/index.php?rest_route=\/wp\/v2\/types\/page"}],"author":[{"embeddable":true,"href":"https:\/\/holger-wachsmann.de\/index.php?rest_route=\/wp\/v2\/users\/1"}],"replies":[{"embeddable":true,"href":"https:\/\/holger-wachsmann.de\/index.php?rest_route=%2Fwp%2Fv2%2Fcomments&post=163"}],"version-history":[{"count":13,"href":"https:\/\/holger-wachsmann.de\/index.php?rest_route=\/wp\/v2\/pages\/163\/revisions"}],"predecessor-version":[{"id":474,"href":"https:\/\/holger-wachsmann.de\/index.php?rest_route=\/wp\/v2\/pages\/163\/revisions\/474"}],"wp:attachment":[{"href":"https:\/\/holger-wachsmann.de\/index.php?rest_route=%2Fwp%2Fv2%2Fmedia&parent=163"}],"curies":[{"name":"wp","href":"https:\/\/api.w.org\/{rel}","templated":true}]}}