{"id":170,"date":"2024-07-16T11:48:42","date_gmt":"2024-07-16T11:48:42","guid":{"rendered":"https:\/\/holger-wachsmann.de\/?page_id=170"},"modified":"2025-10-23T09:02:05","modified_gmt":"2025-10-23T09:02:05","slug":"faq","status":"publish","type":"page","link":"https:\/\/holger-wachsmann.de\/?page_id=170","title":{"rendered":"FAQ"},"content":{"rendered":"\t\t<div data-elementor-type=\"wp-page\" data-elementor-id=\"170\" class=\"elementor elementor-170\">\n\t\t\t\t<div class=\"elementor-element elementor-element-5af960df e-flex e-con-boxed e-con e-parent\" data-id=\"5af960df\" data-element_type=\"container\" data-e-type=\"container\">\n\t\t\t\t\t<div class=\"e-con-inner\">\n\t\t\t\t<div class=\"elementor-element elementor-element-633d6c78 elementor-widget elementor-widget-text-editor\" data-id=\"633d6c78\" data-element_type=\"widget\" data-e-type=\"widget\" data-widget_type=\"text-editor.default\">\n\t\t\t\t<div class=\"elementor-widget-container\">\n\t\t\t\t\t\t\t\t\t\n<div class=\"wp-block-group has-base-2-color has-text-color has-link-color has-system-sans-serif-font-family has-small-font-size wp-elements-6e500567ab57fb7ea0ee96a0c58aa04c is-layout-constrained wp-block-group-is-layout-constrained\" style=\"font-style: normal; font-weight: 400; line-height: 1.3;\">\n<pre class=\"wp-block-preformatted has-base-2-color has-text-color has-link-color has-system-sans-serif-font-family wp-elements-1555205db3d8dfef66511cf203eb4db4\">H\u00e4ufig von Betreibern gestellte Fragen zu Pr\u00fcfberichten<\/pre>\n\n<figure class=\"wp-block-table alignwide is-style-stripes has-system-sans-serif-font-family has-small-font-size\" style=\"font-style: normal; font-weight: 400; line-height: 1.3; text-decoration: none;\">\n<table class=\"has-base-2-color has-text-color has-link-color has-fixed-layout\">\n<tbody>\n<tr>\n<td><strong>Fragen der Betreiber<\/strong><\/td>\n<td><strong>Antworten des Sachverst\u00e4ndigen bzw. Empfehlungen und Vorschl\u00e4ge<\/strong><\/td>\n<\/tr>\n<tr>\n<td><strong>Kann man einen Auffangraum f\u00fcr Kellerschwei\u00dftanks oder Batterietanks saniergen, so dass die wasserrechtlichen Anforderungen erf\u00fcllt sind?<\/strong><\/td>\n<td>F\u00fcr die Sanierung von Auffangr\u00e4umen, die der sekund\u00e4ren Sicherheit dienen, gibt es mehrere M\u00f6glichkeiten:<br \/><br \/><strong>Erneuerung des Verputzes<\/strong> (sofern erforderlich) und <strong>Neuaufbringung des Schutzanstriches<\/strong> auch unter dem Tank<\/td>\n<\/tr>\n<\/tbody>\n<\/table>\n<\/figure>\n\n<div class=\"wp-block-columns is-layout-flex wp-container-core-columns-is-layout-7387b849 wp-block-columns-is-layout-flex\">\n<div class=\"wp-block-column is-layout-flow wp-block-column-is-layout-flow\">\n<figure class=\"wp-block-image aligncenter size-full is-resized\"><img fetchpriority=\"high\" decoding=\"async\" width=\"480\" height=\"640\" class=\"wp-image-84\" style=\"object-fit: cover; width: 250px; height: 250px;\" src=\"https:\/\/holger-wachsmann.de\/wp-content\/uploads\/2024\/07\/gehobener-Tank-mit-Stuetze.jpg\" alt=\"\" srcset=\"https:\/\/holger-wachsmann.de\/wp-content\/uploads\/2024\/07\/gehobener-Tank-mit-Stuetze.jpg 480w, https:\/\/holger-wachsmann.de\/wp-content\/uploads\/2024\/07\/gehobener-Tank-mit-Stuetze-225x300.jpg 225w\" sizes=\"(max-width: 480px) 100vw, 480px\" \/>\n<figcaption class=\"wp-element-caption\"><strong><mark class=\"has-inline-color has-base-2-color\" style=\"background-color: rgba(0, 0, 0, 0);\">angehobener Kellerschwei\u00dftank<\/mark><\/strong><\/figcaption>\n<\/figure>\n<\/div>\n\n<div class=\"wp-block-column is-vertically-aligned-center is-layout-flow wp-block-column-is-layout-flow\">\n<figure class=\"wp-block-image aligncenter size-full is-resized\"><img decoding=\"async\" width=\"200\" height=\"150\" class=\"wp-image-92\" style=\"object-fit: cover; width: 250px; height: 250px;\" src=\"https:\/\/holger-wachsmann.de\/wp-content\/uploads\/2024\/07\/unter-Tank.jpg\" alt=\"\" \/>\n<figcaption class=\"wp-element-caption\"><strong>Blick unter angehobenen Kellerschwei\u00dftank<\/strong><\/figcaption>\n<\/figure>\n<\/div>\n<\/div>\n\n<figure class=\"wp-block-table is-style-stripes has-system-sans-serif-font-family has-small-font-size\" style=\"font-style: normal; font-weight: 400; line-height: 1.3;\">\n<table class=\"has-base-2-color has-text-color has-link-color has-fixed-layout\">\n<tbody>\n<tr>\n<td class=\"has-text-align-center\" data-align=\"center\">\u00a0<\/td>\n<td class=\"has-text-align-left\" data-align=\"left\">Sanierung eines Auffangraumes durch Erneuerung des Schutzanstriches unter dem Tank bei angehobenem Tank. Im linken Bild sehen Sie einen angehobenen Kellertank und im rechten Bild werfen Sie einen Blick unter den angehobenen Tank.<\/td>\n<\/tr>\n<\/tbody>\n<\/table>\n<\/figure>\n\n<div class=\"wp-block-columns is-layout-flex wp-container-core-columns-is-layout-7387b849 wp-block-columns-is-layout-flex\">\n<div class=\"wp-block-column is-layout-flow wp-block-column-is-layout-flow\">\n<figure class=\"wp-block-image size-full\"><img decoding=\"async\" width=\"715\" height=\"813\" class=\"wp-image-90\" src=\"https:\/\/holger-wachsmann.de\/wp-content\/uploads\/2024\/07\/Technisches_Merkblatt_PCI_Visconal\u00ae1.jpg\" alt=\"\" srcset=\"https:\/\/holger-wachsmann.de\/wp-content\/uploads\/2024\/07\/Technisches_Merkblatt_PCI_Visconal\u00ae1.jpg 715w, https:\/\/holger-wachsmann.de\/wp-content\/uploads\/2024\/07\/Technisches_Merkblatt_PCI_Visconal\u00ae1-264x300.jpg 264w\" sizes=\"(max-width: 715px) 100vw, 715px\" \/><\/figure>\n<\/div>\n\n<div class=\"wp-block-column is-layout-flow wp-block-column-is-layout-flow\">\n<figure class=\"wp-block-image size-full\"><img loading=\"lazy\" decoding=\"async\" width=\"711\" height=\"807\" class=\"wp-image-91\" src=\"https:\/\/holger-wachsmann.de\/wp-content\/uploads\/2024\/07\/Technisches_Merkblatt_PCI_Visconal\u00ae2.jpg\" alt=\"\" srcset=\"https:\/\/holger-wachsmann.de\/wp-content\/uploads\/2024\/07\/Technisches_Merkblatt_PCI_Visconal\u00ae2.jpg 711w, https:\/\/holger-wachsmann.de\/wp-content\/uploads\/2024\/07\/Technisches_Merkblatt_PCI_Visconal\u00ae2-264x300.jpg 264w\" sizes=\"(max-width: 711px) 100vw, 711px\" \/><\/figure>\n<\/div>\n<\/div>\n\n<figure class=\"wp-block-table is-style-stripes has-small-font-size\" style=\"font-style: normal; font-weight: 400; line-height: 1.3;\">\n<table class=\"has-base-2-color has-text-color has-link-color has-fixed-layout\">\n<tbody>\n<tr>\n<td>\u00a0<\/td>\n<td>Neben der Sanierung durch Erneuerung des Schutzanstriches gibt es auch noch die M\u00f6glichkeit der Auffangraumauskleidung mit Folie.<\/td>\n<\/tr>\n<\/tbody>\n<\/table>\n<\/figure>\n\n<div class=\"wp-block-columns is-layout-flex wp-container-core-columns-is-layout-7387b849 wp-block-columns-is-layout-flex\">\n<div class=\"wp-block-column is-layout-flow wp-block-column-is-layout-flow\">\n<figure class=\"wp-block-image aligncenter size-full is-resized\"><img loading=\"lazy\" decoding=\"async\" width=\"1024\" height=\"682\" class=\"wp-image-176\" style=\"object-fit: cover; width: 250px; height: 250px;\" src=\"https:\/\/holger-wachsmann.de\/wp-content\/uploads\/2024\/07\/batterietanks-1-1024x682-1.jpg\" alt=\"\" srcset=\"https:\/\/holger-wachsmann.de\/wp-content\/uploads\/2024\/07\/batterietanks-1-1024x682-1.jpg 1024w, https:\/\/holger-wachsmann.de\/wp-content\/uploads\/2024\/07\/batterietanks-1-1024x682-1-300x200.jpg 300w, https:\/\/holger-wachsmann.de\/wp-content\/uploads\/2024\/07\/batterietanks-1-1024x682-1-768x512.jpg 768w\" sizes=\"(max-width: 1024px) 100vw, 1024px\" \/>\n<figcaption class=\"wp-element-caption\"><strong>Batterietankaufstellung mit Auffangraumfolie<\/strong><\/figcaption>\n<\/figure>\n<\/div>\n\n<div class=\"wp-block-column is-layout-flow wp-block-column-is-layout-flow\">\n<figure class=\"wp-block-image aligncenter size-full is-resized\"><img loading=\"lazy\" decoding=\"async\" width=\"600\" height=\"802\" class=\"wp-image-187\" style=\"object-fit: cover; width: 250px; height: 250px;\" src=\"https:\/\/holger-wachsmann.de\/wp-content\/uploads\/2024\/07\/AR-Folie-Seitenwand.jpg\" alt=\"\" srcset=\"https:\/\/holger-wachsmann.de\/wp-content\/uploads\/2024\/07\/AR-Folie-Seitenwand.jpg 600w, https:\/\/holger-wachsmann.de\/wp-content\/uploads\/2024\/07\/AR-Folie-Seitenwand-224x300.jpg 224w\" sizes=\"(max-width: 600px) 100vw, 600px\" \/>\n<figcaption class=\"wp-element-caption\"><strong>Auffangraumfolie bei einem Kellerschwei\u00dftank<\/strong><\/figcaption>\n<\/figure>\n<\/div>\n<\/div>\n\n<figure class=\"wp-block-table is-style-stripes\">\n<table class=\"has-fixed-layout\">\n<tbody>\n<tr>\n<td>\u00a0<\/td>\n<td><strong>Auffangraumfolie mit Batterietanks<\/strong><br \/><br \/>Bei Batterietanks empfiehlt sich in der Regel die Erneuerung der Tanks und Einbau von Kunststoff Sicherheitstanks, die doppelwandigen Tanks gleichzusetzen sind, so dass die Sicherheitsfunktion des Auffangraumes entf\u00e4llt.<br \/><br \/>F\u00fcr Kellerschwei\u00dftanks ist es sinnvoll eine Leckschutzauskleidung mit Leckanzeigeger\u00e4t einzubauen, so dass die Sicherheitsfunktion des Auffangraumes entf\u00e4llt.<\/td>\n<\/tr>\n<\/tbody>\n<\/table>\n<\/figure>\n\n<div class=\"wp-block-columns is-layout-flex wp-container-core-columns-is-layout-7387b849 wp-block-columns-is-layout-flex\">\n<div class=\"wp-block-column is-layout-flow wp-block-column-is-layout-flow\">\n<figure class=\"wp-block-image aligncenter size-full is-resized\"><img loading=\"lazy\" decoding=\"async\" width=\"388\" height=\"400\" class=\"wp-image-87\" style=\"object-fit: cover; width: 250px; height: 250px;\" src=\"https:\/\/holger-wachsmann.de\/wp-content\/uploads\/2024\/07\/Leckschutzauskleidung-1-388x400-1.jpg\" alt=\"\" srcset=\"https:\/\/holger-wachsmann.de\/wp-content\/uploads\/2024\/07\/Leckschutzauskleidung-1-388x400-1.jpg 388w, https:\/\/holger-wachsmann.de\/wp-content\/uploads\/2024\/07\/Leckschutzauskleidung-1-388x400-1-291x300.jpg 291w\" sizes=\"(max-width: 388px) 100vw, 388px\" \/>\n<figcaption class=\"wp-element-caption\"><strong>Einbau einer Leckschutzauskleidung in einen Erdtank<\/strong><\/figcaption>\n<\/figure>\n<\/div>\n\n<div class=\"wp-block-column is-layout-flow wp-block-column-is-layout-flow\">\n<figure class=\"wp-block-image aligncenter size-full is-resized\"><img loading=\"lazy\" decoding=\"async\" width=\"768\" height=\"695\" class=\"wp-image-88\" style=\"object-fit: cover; width: 250px; height: 250px;\" src=\"https:\/\/holger-wachsmann.de\/wp-content\/uploads\/2024\/07\/Leckschutzauskleidung-3-768x695-1.jpg\" alt=\"\" srcset=\"https:\/\/holger-wachsmann.de\/wp-content\/uploads\/2024\/07\/Leckschutzauskleidung-3-768x695-1.jpg 768w, https:\/\/holger-wachsmann.de\/wp-content\/uploads\/2024\/07\/Leckschutzauskleidung-3-768x695-1-300x271.jpg 300w\" sizes=\"(max-width: 768px) 100vw, 768px\" \/>\n<figcaption class=\"wp-element-caption\"><strong>Systemdarstellung Erdtank und Kellertank mit Leckschutzauskleidung<\/strong><\/figcaption>\n<\/figure>\n<\/div>\n<\/div>\n\n<figure class=\"wp-block-table is-style-stripes has-system-sans-serif-font-family has-small-font-size\" style=\"font-style: normal; font-weight: 400; line-height: 1.3;\">\n<table class=\"has-base-2-color has-text-color has-link-color has-fixed-layout\">\n<tbody>\n<tr>\n<td><strong>Was ist bei einer Stilllegung einer nicht mehr ben\u00f6tigten Tankanlage zu beachten?<\/strong><\/td>\n<td>Der oder die Tanks m\u00fcssen durch einen Fachbetrieb nach \u00a7 62 AwSV gereinigt werden und die Rohrleitungen m\u00fcssen so ver\u00e4ndert werden, dass eine weitere Benutzung nicht mehr m\u00f6glich ist.<\/td>\n<\/tr>\n<tr>\n<td>\u00a0<\/td>\n<td>Bei Erdtanks ist die Kunststoffinnenh\u00fclle zu entsorgen oder bei doppelwandigen Tanks die Leckfl\u00fcssigkeit zu entfernen und zu entsorgen.<\/td>\n<\/tr>\n<tr>\n<td>\u00a0<\/td>\n<td>Bei pr\u00fcfpflichtigen Anlagen hat der Sachverst\u00e4ndige nach den Arbeiten des Fachbetriebes eine Stilllegungspr\u00fcfung durchzuf\u00fchren und die Stilllegung mittels Pr\u00fcfbericht zu bescheinigen.<\/td>\n<\/tr>\n<\/tbody>\n<\/table>\n<\/figure>\n\n<div class=\"wp-block-columns is-layout-flex wp-container-core-columns-is-layout-7387b849 wp-block-columns-is-layout-flex\">\n<div class=\"wp-block-column is-layout-flow wp-block-column-is-layout-flow\">\n<figure class=\"wp-block-image aligncenter size-full is-resized\"><img loading=\"lazy\" decoding=\"async\" width=\"470\" height=\"420\" class=\"wp-image-188\" style=\"object-fit: cover; width: 250px; height: 250px;\" src=\"https:\/\/holger-wachsmann.de\/wp-content\/uploads\/2024\/07\/Erdtank-ausgebaut.jpg\" alt=\"\" srcset=\"https:\/\/holger-wachsmann.de\/wp-content\/uploads\/2024\/07\/Erdtank-ausgebaut.jpg 470w, https:\/\/holger-wachsmann.de\/wp-content\/uploads\/2024\/07\/Erdtank-ausgebaut-300x268.jpg 300w\" sizes=\"(max-width: 470px) 100vw, 470px\" \/>\n<figcaption class=\"wp-element-caption\"><strong>ausgebauter, stillgelegter Erdtank vor Abtransport<\/strong><\/figcaption>\n<\/figure>\n<\/div>\n\n<div class=\"wp-block-column is-layout-flow wp-block-column-is-layout-flow\">\n<figure class=\"wp-block-image aligncenter size-large is-resized\"><img loading=\"lazy\" decoding=\"async\" width=\"1024\" height=\"683\" class=\"wp-image-177\" style=\"object-fit: cover; width: 250px; height: 250px;\" src=\"https:\/\/holger-wachsmann.de\/wp-content\/uploads\/2024\/07\/4M7A3900-1024x683.jpg\" alt=\"\" srcset=\"https:\/\/holger-wachsmann.de\/wp-content\/uploads\/2024\/07\/4M7A3900-1024x683.jpg 1024w, https:\/\/holger-wachsmann.de\/wp-content\/uploads\/2024\/07\/4M7A3900-300x200.jpg 300w, https:\/\/holger-wachsmann.de\/wp-content\/uploads\/2024\/07\/4M7A3900-768x512.jpg 768w, https:\/\/holger-wachsmann.de\/wp-content\/uploads\/2024\/07\/4M7A3900-1536x1024.jpg 1536w, https:\/\/holger-wachsmann.de\/wp-content\/uploads\/2024\/07\/4M7A3900-2048x1365.jpg 2048w\" sizes=\"(max-width: 1024px) 100vw, 1024px\" \/>\n<figcaption class=\"wp-element-caption\"><strong>aufgeschnittene, stillgelegte Batterietanks vor Entsorgung<\/strong><\/figcaption>\n<\/figure>\n<\/div>\n<\/div>\n\n<figure class=\"wp-block-table is-style-stripes\">\n<table class=\"has-fixed-layout\">\n<tbody>\n<tr>\n<td><strong>Was hat man unter<br \/>der Bemerkung<br \/>&#8211; Grenzwertgeber<br \/>alter Bauart; um \u00dcberf\u00fcllsch\u00e4den zu vermeiden ist ein GWG neuer Bauart einzubauen, &#8211; zu verstehen?<\/strong><\/td>\n<td>Die Grenzwertgeber der ersten Generation hatten in den Schutzh\u00fclsen Bohrungen, um den Kontakt zwischen dem Kaltleiter und dem Medium herzustellen und so den Bef\u00fcllvorgang am Tankwagen zu unterbrechen. Im Laufe der Jahrzehnte ist man dahinter gekommen, dass sich diese Bohrungen mit einem \u00d6lfilm zusetzen k\u00f6nnen und dann dieser Kontakt nicht mehr erm\u00f6glicht wird und so eine \u00dcberf\u00fcllung nicht auszuschlie\u00dfen ist.<\/td>\n<\/tr>\n<tr>\n<td>\u00a0<\/td>\n<td><strong>Seit Inkrafttreten der AwSV wird dieser Umstand als Mangel gewertet<\/strong><\/td>\n<\/tr>\n<\/tbody>\n<\/table>\n<\/figure>\n\n<div class=\"wp-block-columns is-layout-flex wp-container-core-columns-is-layout-7387b849 wp-block-columns-is-layout-flex\">\n<div class=\"wp-block-column is-layout-flow wp-block-column-is-layout-flow\">\n<figure class=\"wp-block-image aligncenter size-full is-resized\"><img loading=\"lazy\" decoding=\"async\" width=\"600\" height=\"231\" class=\"wp-image-189\" style=\"object-fit: cover; width: 250px; height: 250px;\" src=\"https:\/\/holger-wachsmann.de\/wp-content\/uploads\/2024\/07\/GWG-verklebt.jpg\" alt=\"\" srcset=\"https:\/\/holger-wachsmann.de\/wp-content\/uploads\/2024\/07\/GWG-verklebt.jpg 600w, https:\/\/holger-wachsmann.de\/wp-content\/uploads\/2024\/07\/GWG-verklebt-300x116.jpg 300w\" sizes=\"(max-width: 600px) 100vw, 600px\" \/>\n<figcaption class=\"wp-element-caption\"><strong>ausgebauter, verklebter GWG alter Bauart, nicht mehr funktionsf\u00e4hig<\/strong><\/figcaption>\n<\/figure>\n<\/div>\n\n<div class=\"wp-block-column is-layout-flow wp-block-column-is-layout-flow\">\n<figure class=\"wp-block-image aligncenter size-large is-resized\"><img loading=\"lazy\" decoding=\"async\" width=\"1024\" height=\"724\" class=\"wp-image-181\" style=\"object-fit: cover; width: 250px; height: 250px;\" src=\"https:\/\/holger-wachsmann.de\/wp-content\/uploads\/2024\/07\/GWG-alt-neu-1024x724.jpg\" alt=\"\" \/>\n<figcaption class=\"wp-element-caption\"><strong>Gegen\u00fcberstellung GWG alter und neuer Bauart<\/strong><\/figcaption>\n<\/figure>\n<\/div>\n<\/div>\n\n<figure class=\"wp-block-table is-style-stripes\">\n<table class=\"has-fixed-layout\">\n<tbody>\n<tr>\n<td><strong>Wann ist ein GWG Grenzwertgeber falscher Bauart eingebaut?<\/strong><\/td>\n<td>F\u00fcr alle Tankbauformen, wie z.B. Erdtanks nach DIN 6608 o.\u00e4., Kellertanks nach DIN 6625 o.\u00e4., Batterietanksysteme gibt es unterschiedliche Bauarten von Grenzwertgebern, die auch entsprechend ihren bauaufsichtlichen Zulassungen in diese Tanks eingebaut werden m\u00fcssen.<\/td>\n<\/tr>\n<\/tbody>\n<\/table>\n<\/figure>\n\n<div class=\"wp-block-columns is-layout-flex wp-container-core-columns-is-layout-7387b849 wp-block-columns-is-layout-flex\">\n<div class=\"wp-block-column is-layout-flow wp-block-column-is-layout-flow\">\n<figure class=\"wp-block-image aligncenter size-large is-resized\"><img loading=\"lazy\" decoding=\"async\" width=\"845\" height=\"1024\" class=\"wp-image-183\" style=\"object-fit: cover; width: 500px; height: 400px;\" src=\"https:\/\/holger-wachsmann.de\/wp-content\/uploads\/2024\/07\/W11-Diverse-Bilder-845x1024.jpg\" alt=\"\" srcset=\"https:\/\/holger-wachsmann.de\/wp-content\/uploads\/2024\/07\/W11-Diverse-Bilder-845x1024.jpg 845w, https:\/\/holger-wachsmann.de\/wp-content\/uploads\/2024\/07\/W11-Diverse-Bilder-248x300.jpg 248w, https:\/\/holger-wachsmann.de\/wp-content\/uploads\/2024\/07\/W11-Diverse-Bilder-768x930.jpg 768w, https:\/\/holger-wachsmann.de\/wp-content\/uploads\/2024\/07\/W11-Diverse-Bilder-1268x1536.jpg 1268w, https:\/\/holger-wachsmann.de\/wp-content\/uploads\/2024\/07\/W11-Diverse-Bilder.jpg 1448w\" sizes=\"(max-width: 845px) 100vw, 845px\" \/>\n<figcaption class=\"wp-element-caption\"><strong>Hier wurde ein GWG f\u00fcr einen Kellertenk in einen Erdtank eingebaut und ist damit f\u00fcr diesen Tank ein GWG falscher Bauart<\/strong><\/figcaption>\n<\/figure>\n\n<figure class=\"wp-block-table is-style-stripes\">\n<table class=\"has-fixed-layout\">\n<tbody>\n<tr>\n<td><strong>Was ist eine Einstrangleitung?<br \/><\/strong><\/td>\n<td>Richtig m\u00fcsste es hei\u00dfen, selbstsichernde Saugleitung, darunter versteht man, dass die \u00d6lversorgung des Brenners nur durch eine Saugleitung erfolgt und der evtl. fr\u00fcher genutzte R\u00fccklauf stillgelegt wird, sowie evtl. vorhandene R\u00fcckschlag- und Fu\u00dfventile aus der Saugleitung ausgebaut wurden.<\/td>\n<\/tr>\n<\/tbody>\n<\/table>\n<\/figure>\n<\/div>\n<\/div>\n\n<div class=\"wp-block-columns is-layout-flex wp-container-core-columns-is-layout-7387b849 wp-block-columns-is-layout-flex\">\n<div class=\"wp-block-column is-layout-flow wp-block-column-is-layout-flow\">\n<figure class=\"wp-block-image aligncenter size-large is-resized\"><img loading=\"lazy\" decoding=\"async\" width=\"1024\" height=\"577\" class=\"wp-image-182\" style=\"object-fit: cover; width: 500px; height: 500px;\" src=\"https:\/\/holger-wachsmann.de\/wp-content\/uploads\/2024\/07\/SL-selbstsichernd-AHV-rotated-e1721136973265-1024x577.jpg\" alt=\"\" \/>\n<figcaption class=\"wp-element-caption\"><strong>Hier sehen wir eine selbstsichernde Einstrangleitung in Verbindung mit einem Ventil, das die Anlage gegen Aushebern sichert<\/strong><\/figcaption>\n<\/figure>\n<\/div>\n<\/div>\n\n<figure class=\"wp-block-table is-style-stripes\">\n<table class=\"has-base-2-color has-text-color has-link-color has-fixed-layout\">\n<tbody>\n<tr>\n<td><strong>Was ist unter der M\u00e4ngeleinstufung &#8222;geringf\u00fcgige M\u00e4ngel&#8220; und &#8222;erhebliche<br \/>M\u00e4ngel&#8220; zu verstehen?<\/strong><\/td>\n<td><strong>Geringf\u00fcgige M\u00e4ngel<\/strong>\u00a0beeintr\u00e4chtigen die Anlagensicherheit nicht erheblich, eine Gew\u00e4ssergef\u00e4hrdung ist nicht zu besorgen. Die Wirksamkeit der 1. und 2. Barriere (einschl. der dazugeh\u00f6renden Sicherheitseinrichtungen) ist zum Zeitpunkt der Pr\u00fcfung gegeben und bis zur n\u00e4chsten wiederkehrenden Pr\u00fcfung zu erwarten.<\/td>\n<\/tr>\n<tr>\n<td>\u00a0<\/td>\n<td><strong>Erhebliche M\u00e4ngel<\/strong>\u00a0beeintr\u00e4chtigen die Anlagensicherheit insoweit, dass zwar keine Gew\u00e4ssergef\u00e4hrdung bis zur vom Sachverst\u00e4ndigen vorgeschlagenen Frist zur Beseitigung der M\u00e4ngel zu besorgen ist, jedoch die Besorgnis besteht, dass bis zur n\u00e4chsten wiederkehrenden Pr\u00fcfung eine akute Gew\u00e4ssergef\u00e4hrdung eintreten k\u00f6nnte. Die Wirksamkeit der 1. oder 2. Barriere (einschl. der dazu geh\u00f6renden Sicherheitseinrichtungen) ist nicht gegeben.<\/td>\n<\/tr>\n<\/tbody>\n<\/table>\n<\/figure>\n\n<div class=\"wp-block-columns is-layout-flex wp-container-core-columns-is-layout-7387b849 wp-block-columns-is-layout-flex\">\n<div class=\"wp-block-column is-layout-flow wp-block-column-is-layout-flow\">\n<figure class=\"wp-block-image aligncenter size-large is-resized\"><img loading=\"lazy\" decoding=\"async\" width=\"1024\" height=\"683\" class=\"wp-image-184\" style=\"aspect-ratio: 1; object-fit: cover; width: 498px; height: auto;\" src=\"https:\/\/holger-wachsmann.de\/wp-content\/uploads\/2024\/07\/MG_5123-1024x683.jpg\" alt=\"\" \/>\n<figcaption class=\"wp-element-caption\"><strong>Sachverst\u00e4ndiger bei der Beratung eines Betreibers<\/strong><\/figcaption>\n<\/figure>\n<\/div>\n<\/div>\n<\/div>\n\t\t\t\t\t\t\t\t<\/div>\n\t\t\t\t<\/div>\n\t\t\t\t\t<\/div>\n\t\t\t\t<\/div>\n\t\t\t\t<\/div>\n\t\t","protected":false},"excerpt":{"rendered":"<p>H\u00e4ufig von Betreibern gestellte Fragen zu Pr\u00fcfberichten Fragen der Betreiber Antworten des Sachverst\u00e4ndigen bzw. Empfehlungen und Vorschl\u00e4ge Kann man einen Auffangraum f\u00fcr Kellerschwei\u00dftanks oder Batterietanks saniergen, so dass die wasserrechtlichen Anforderungen erf\u00fcllt sind? F\u00fcr die Sanierung von Auffangr\u00e4umen, die der sekund\u00e4ren Sicherheit dienen, gibt es mehrere M\u00f6glichkeiten: Erneuerung des Verputzes (sofern erforderlich) und Neuaufbringung des [&hellip;]<\/p>\n","protected":false},"author":1,"featured_media":0,"parent":0,"menu_order":0,"comment_status":"closed","ping_status":"closed","template":"","meta":{"_crdt_document":"","footnotes":""},"class_list":["post-170","page","type-page","status-publish","hentry"],"_links":{"self":[{"href":"https:\/\/holger-wachsmann.de\/index.php?rest_route=\/wp\/v2\/pages\/170","targetHints":{"allow":["GET"]}}],"collection":[{"href":"https:\/\/holger-wachsmann.de\/index.php?rest_route=\/wp\/v2\/pages"}],"about":[{"href":"https:\/\/holger-wachsmann.de\/index.php?rest_route=\/wp\/v2\/types\/page"}],"author":[{"embeddable":true,"href":"https:\/\/holger-wachsmann.de\/index.php?rest_route=\/wp\/v2\/users\/1"}],"replies":[{"embeddable":true,"href":"https:\/\/holger-wachsmann.de\/index.php?rest_route=%2Fwp%2Fv2%2Fcomments&post=170"}],"version-history":[{"count":23,"href":"https:\/\/holger-wachsmann.de\/index.php?rest_route=\/wp\/v2\/pages\/170\/revisions"}],"predecessor-version":[{"id":471,"href":"https:\/\/holger-wachsmann.de\/index.php?rest_route=\/wp\/v2\/pages\/170\/revisions\/471"}],"wp:attachment":[{"href":"https:\/\/holger-wachsmann.de\/index.php?rest_route=%2Fwp%2Fv2%2Fmedia&parent=170"}],"curies":[{"name":"wp","href":"https:\/\/api.w.org\/{rel}","templated":true}]}}